e -3*n = 4*d + 3, 5 - 1 = -2*n - 2*d. Let k(x) = -x**2 - 6*x + 5. Let q be k(n). Calculate the greatest common divisor of g and q.
10
Let s = 6 + -11. Let n be (s/3)/((-2)/(-90)). Let z = n - -120. Calculate the greatest common factor of 30 and z.
15
Suppose -4*j + 11 = -5. Calculate the greatest common factor of j and 4.
4
Let q be ((-8)/(-6))/(2/(-9)). Let c = -3 - q. Suppose -4*p = g - 9*p - 2, 6 = c*g - 5*p. Calculate the greatest common factor of g and 6.
2
Let a(h) = -4*h. Let k be a(-1). Let m(c) = 2*c**2 + 2*c. Let d be m(k). Suppose -12 = -2*q + 4. Calculate the greatest common divisor of q and d.
8
Let f = 63 - 23. Calculate the greatest common factor of 24 and f.
8
Suppose y = c - y - 26, -10 = -c - 2*y. Suppose -350 = -8*z + 1090. What is the highest common factor of c and z?
18
Suppose 3*a = 15, -4*l - 5*a - 6 = -67. Let r be (1 - -11 - 1)*3. Let z = r - l. Calculate the highest common divisor of 60 and z.
12
Suppose -4*j + 2 = -2. Let g be j + (15 - 6/3). Calculate the highest common divisor of g and 7.
7
Let g(m) = 3*m**2 + m + 4. Let k be g(-4). What is the greatest common factor of k and 12?
12
Let m(k) = 2*k**2 - 7*k + 4. Let n be m(4). What is the greatest common factor of n and 8?
8
Suppose 4*w - 234 = 66. Suppose a = 4*a - w. Suppose -60 = -4*j - 2*j. What is the highest common divisor of a and j?
5
Let f be 4*7 - (-14)/(-7). What is the highest common factor of f and 208?
26
Suppose -2*s + 5*s + 351 = 3*w, -5*s = 4*w - 495. Let b = w - 57. Let z be 7 - 0 - (1 - 3). Calculate the greatest common factor of b and z.
9
Suppose 0*a - a = -10. Let f be 87 - -1 - -1*2. What is the greatest common factor of f and a?
10
Suppose 4*c - 1676 = 4*t, 5*c + 3*t - 2101 = 2*t. Suppose 5*v = -5*l + c, 3*v - 164 = -2*l - 0*l. What is the greatest common factor of 11 and l?
11
Suppose -3*y - 66 = -5*j + 4*j, 3*y = 3*j - 222. Calculate the highest common divisor of 104 and j.
26
Let x be 27/(((-36)/8)/(-3)). What is the highest common factor of 63 and x?
9
Suppose -2*d + s + 191 = 0, -d - 2*s + 106 - 8 = 0. Let u be (-5 - -3) + (12 - -2). What is the greatest common divisor of d and u?
12
Let j be 1/(-2)*2 - -67. Calculate the greatest common factor of j and 165.
33
Let k(a) = 3*a**2 - 23*a + 9. Let c be k(9). Calculate the highest common divisor of 5 and c.
5
Let q(o) = -2 + 0 - 2 - 6 - 3*o. Let r be q(-10). Suppose l = -3*l + r. What is the greatest common factor of 45 and l?
5
Suppose -3*j + 375 = -4*w + w, 0 = 4*j + 2*w - 476. Calculate the greatest common divisor of j and 11.
11
Let y be 4 + -2 + (213 - -1). What is the greatest common factor of 24 and y?
24
Let w(j) = -j - 12. Let h be w(-21). What is the highest common divisor of h and 15?
3
Let q(k) = -2*k**3 - 28*k**2 + 19*k + 4. Let o be q(-15). What is the highest common factor of 13 and o?
13
Let k be 18 + -3 + 2 + -3. What is the greatest common divisor of k and 56?
14
Suppose -5*q + 101 = -24. Suppose 2*p = 4*u - 0 - 4, 4*p = 3*u + 7. Suppose -2 = -n + u. Calculate the greatest common factor of q and n.
5
Let u(k) = -12*k - 12. Let s be u(-4). What is the greatest common factor of 48 and s?
12
Suppose 210 = -3*q + 6*q. Calculate the greatest common divisor of 10 and q.
10
Let t = -1 + 9. Suppose 3*m = 0, -5*u + 51 - 11 = -5*m. Calculate the highest common divisor of t and u.
8
Let q = 29 + 35. What is the highest common factor of 8 and q?
8
Let j = 3 + -3. Suppose -2*c - 3*c + 59 = z, j = -2*c - 2*z + 22. What is the highest common factor of c and 12?
12
Suppose -92 = 2*m - 5*m - 4*j, 5*m - j - 115 = 0. What is the highest common divisor of 24 and m?
24
Suppose 9*p - 126 = 2*p. What is the greatest common factor of 6 and p?
6
Suppose 27 = q + 5*n, 7 - 2 = n. Calculate the highest common divisor of q and 4.
2
Let s(p) = -p**3 - 17*p**2 + 5*p + 19. Let j be s(-18). Calculate the greatest common factor of j and 23.
23
Suppose 1 = 13*p - 12. What is the highest common factor of 16 and p?
1
Let v = -14 - 18. Let y = -8 - v. Suppose 7*w - 4*w + 21 = 2*b, 3*b - 33 = 3*w. What is the greatest common divisor of y and b?
12
Let f = -13 - -24. Suppose o + 0*o - f = 0. Let i = 3 + -2. What is the greatest common factor of o and i?
1
Suppose -5*c + 14 = -5*r - 1, -4*c = 4*r + 12. Let u = -3 - -4. Suppose -4*d = c, -5*d + d + u = y. What is the greatest common factor of 2 and y?
1
Let u = 56 + -48. What is the highest common divisor of 24 and u?
8
Let i = 81 - 73. Suppose -j - j + 8 = 0. What is the greatest common factor of j and i?
4
Suppose -2*r = -4 - 26. Suppose 3*l + 3*a - 9 = r, 2*a - 27 = -3*l. What is the highest common divisor of 33 and l?
11
Suppose 4*l = -2*x - 0*l + 24, -58 = -4*x + 2*l. Suppose -68 = -4*g + 392. Let s = -59 + g. What is the highest common factor of s and x?
14
Suppose -2*g - 4*f = 2*g - 476, -5*g = f - 599. What is the greatest common divisor of 15 and g?
15
Let v = -9 - -13. Suppose -5*o - 26 = -q + 4, -v*q - 5*o - 5 = 0. Suppose -167 + 39 = -q*n + 3*z, 2*n + z = 60. What is the highest common divisor of n and 14?
14
Let v = -40 + 63. What is the greatest common divisor of v and 46?
23
Suppose m = 14*m - 533. What is the greatest common divisor of 328 and m?
41
Let k be 1/3 + (-14)/(-3). Suppose -k*h = -1 - 29. Let p be (-2 + -4)*35/(-14). What is the greatest common factor of h and p?
3
Let d(w) = -w**3 - 4*w**2 - 5*w + 7. Let o be (-2)/(-3)*30/(-4). Let n be d(o). What is the highest common divisor of 38 and n?
19
Suppose 3*t = 7*t - 84. Calculate the highest common factor of 147 and t.
21
Suppose 0 = 4*r + s - 4*s - 111, 0 = -3*r - 3*s + 57. What is the greatest common factor of r and 12?
12
Suppose -5*p = 4*x - 97, -43 = -0*x - x + 5*p. Calculate the highest common factor of x and 84.
28
Suppose -5*c = 5*o - 5, o = 4*c - 3*o - 12. Suppose j + 29 = 2*p, 3*p - c*j = -j + 43. What is the highest common factor of p and 35?
7
Suppose -4*d = -591 - 105. Let n = -69 + d. Calculate the highest common divisor of 15 and n.
15
Let u = -13 + 216. Calculate the highest common divisor of u and 29.
29
Let v(w) = w**3 + 7*w**2 + 5*w + 4. Let u be v(-5). Let g = 71 - u. What is the greatest common factor of 21 and g?
21
Let y(q) be the third derivative of 3/20*q**5 + 1/8*q**4 + 3*q**2 + 0*q + 1/3*q**3 + 0. Let b be y(5). Calculate the highest common divisor of b and 22.
22
Let k = 1 - -1. Suppose 0 = -k*d + 3*d - 15. What is the greatest common factor of 60 and d?
15
Let t be (-6)/(-2) - 0/6. What is the greatest common divisor of t and 60?
3
Suppose -436 = -5*i - 136. Let w be ((-2 - -3)*1)/1. Suppose -p + 5 + w = 0. Calculate the greatest common factor of i and p.
6
Suppose 3*j = 13 + 23. Suppose -4*f + 13 = -35. Calculate the highest common factor of f and j.
12
Let g(s) = 3*s + 28. Let k be g(-6). Suppose -5*p + 55 = l, -3*p - 3*l = -2*p - 25. Calculate the highest common factor of k and p.
10
Let z = -11 + 25. Calculate the highest common divisor of 154 and z.
14
Suppose -2*d = -7 - 1. Let s = 6 - d. Let x be (48/18)/(s/3). Calculate the greatest common divisor of x and 32.
4
Suppose 0 = 6*c - 3*c - 1524. Let n be ((-26)/(-39))/(2/12). Suppose -n*l = -o - 3*o + c, 2*o - 250 = -2*l. Calculate the highest common factor of o and 18.
18
Suppose -f - 65 = -3*g, 5*g - 2*f + 5*f = 85. What is the highest common factor of g and 5?
5
Let g = -95 + 149. Calculate the highest common factor of g and 18.
18
Let b(y) be the first derivative of y**3/3 - 3*y**2/2 + 10*y + 10. Let u be b(-7). What is the highest common factor of u and 32?
16
Suppose -f - 6 = 5*n - 26, 0 = -3*n + 6. Let p = 63 - 38. Calculate the highest common factor of f and p.
5
Suppose 2*x - 45 = 1. What is the greatest common divisor of 253 and x?
23
Let g be 14/1 - (0 + 1). Suppose 26 = 2*f - 4*f. Let b be (2 + (-3 - 0))*f. What is the greatest common factor of g and b?
13
Let z = -55 - -175. Suppose s + s = z. Suppose -5*i + s = -0*i. What is the greatest common divisor of 3 and i?
3
Let g(r) = -r**3 + 16*r**2 + 4*r + 6. Let q be g(16). Calculate the highest common factor of 14 and q.
14
Let x be (-2 - 0)/(2/(-2)). Suppose x*b - 6 = 0, -5*w + b + 106 = 3*b. Suppose -4*l + 3*l = -8. What is the highest common factor of l and w?
4
Let l(u) = 55*u - 1. Let m be l(2). Suppose -m = -4*r - 9. What is the greatest 